d by 135.
79
Calculate the remainder when 6703 is divided by 2104.
391
What is the remainder when 7724600 is divided by 19?
17
Calculate the remainder when 17963 is divided by 17916.
47
What is the remainder when 9227 is divided by 373?
275
Calculate the remainder when 20980 is divided by 6991.
7
What is the remainder when 14796 is divided by 1134?
54
Calculate the remainder when 117162 is divided by 39054.
0
What is the remainder when 53237 is divided by 22?
19
Calculate the remainder when 10641 is divided by 1326.
33
Calculate the remainder when 58644 is divided by 29242.
160
What is the remainder when 3162 is divided by 399?
369
Calculate the remainder when 12737 is divided by 95.
7
What is the remainder when 164215 is divided by 39?
25
What is the remainder when 2475 is divided by 215?
110
What is the remainder when 1392960 is divided by 221?
218
What is the remainder when 38175 is divided by 189?
186
Calculate the remainder when 2925 is divided by 318.
63
Calculate the remainder when 11546 is divided by 22.
18
Calculate the remainder when 2308 is divided by 686.
250
Calculate the remainder when 2214058 is divided by 10.
8
Calculate the remainder when 18261 is divided by 88.
45
Calculate the remainder when 17722 is divided by 3220.
1622
Calculate the remainder when 17855 is divided by 38.
33
Calculate the remainder when 12351 is divided by 4095.
66
What is the remainder when 46498 is divided by 390?
88
Calculate the remainder when 5429 is divided by 38.
33
What is the remainder when 5239 is divided by 80?
39
Calculate the remainder when 1064 is divided by 91.
63
What is the remainder when 1084 is divided by 510?
64
Calculate the remainder when 34269 is divided by 288.
285
What is the remainder when 23240 is divided by 121?
8
What is the remainder when 7824 is divided by 3907?
10
Calculate the remainder when 38915 is divided by 423.
422
What is the remainder when 3748 is divided by 3704?
44
Calculate the remainder when 4618 is divided by 35.
33
Calculate the remainder when 73578 is divided by 52.
50
What is the remainder when 46724 is divided by 1669?
1661
Calculate the remainder when 317074 is divided by 18.
4
Calculate the remainder when 84788 is divided by 21192.
20
What is the remainder when 12574186 is divided by 43?
40
What is the remainder when 3866 is divided by 199?
85
Calculate the remainder when 37654 is divided by 30.
4
What is the remainder when 1182498 is divided by 5?
3
Calculate the remainder when 354173 is divided by 59.
55
What is the remainder when 541828 is divided by 180605?
13
What is the remainder when 1890444 is divided by 5746?
10
Calculate the remainder when 9126 is divided by 4338.
450
What is the remainder when 14764 is divided by 92?
44
Calculate the remainder when 9073 is divided by 754.
25
What is the remainder when 5457 is divided by 274?
251
What is the remainder when 167083 is divided by 41767?
15
What is the remainder when 14041 is divided by 99?
82
What is the remainder when 13234 is divided by 86?
76
Calculate the remainder when 7115 is divided by 127.
3
What is the remainder when 6922 is divided by 42?
34
Calculate the remainder when 22491 is divided by 69.
66
What is the remainder when 336458 is divided by 722?
6
What is the remainder when 15546 is divided by 11?
3
Calculate the remainder when 56813 is divided by 17.
16
What is the remainder when 5320 is divided by 36?
28
Calculate the remainder when 40960 is divided by 72.
64
Calculate the remainder when 42358 is divided by 57.
7
What is the remainder when 2426 is divided by 518?
354
What is the remainder when 1252 is divided by 549?
154
Calculate the remainder when 7180 is divided by 7082.
98
What is the remainder when 1087 is divided by 599?
488
Calculate the remainder when 1796 is divided by 390.
236
What is the remainder when 186 is divided by 94?
92
Calculate the remainder when 212456 is divided by 87.
2
Calculate the remainder when 1953 is divided by 112.
49
Calculate the remainder when 243492 is divided by 45.
42
What is the remainder when 29332 is divided by 561?
160
What is the remainder when 68584 is divided by 34221?
142
Calculate the remainder when 3947 is divided by 3.
2
What is the remainder when 5643 is divided by 1402?
35
What is the remainder when 33592 is divided by 861?
13
What is the remainder when 111160 is divided by 280?
0
Calculate the remainder when 182877 is divided by 480.
477
Calculate the remainder when 372148 is divided by 14885.
23
What is the remainder when 62075 is divided by 4429?
69
Calculate the remainder when 4298 is divided by 1061.
54
Calculate the remainder when 21513 is divided by 439.
2
What is the remainder when 174110 is divided by 34822?
0
Calculate the remainder when 30877 is divided by 1188.
1177
What is the remainder when 46416 is divided by 110?
106
What is the remainder when 39251 is divided by 24?
11
What is the remainder when 273681 is divided by 28?
9
What is the remainder when 182648 is divided by 834?
2
What is the remainder when 11026 is divided by 17?
10
What is the remainder when 85325 is divided by 47?
20
What is the remainder when 241809 is divided by 30226?
1
Calculate the remainder when 3596 is divided by 84.
68
Calculate the remainder when 33951 is divided by 1148.
659
Calculate the remainder when 1440 is divided by 449.
93
What is the remainder when 6943 is divided by 69?
43
Calculate the remainder when 3111 is divided by 401.
304
Calculate the remainder when 4786 is divided by 4433.
353
Calculate the remainder when 3957 is divided by 1913.
131
What is the remainder when 6824 is divided by 44?
4
Calculate the remainder when 71788 is divided by 103.
100
Calculate the remainder when 16714 is divided by 2088.
10
Calculate the remainder when 897175 is divided by 448583.
9
Calculate the remainder when 171591 is divided by 712.
711
What is the remainder when 8665 is divided by 310?
295
What is the remainder when 178668 is divided by 8?
4
What is the remainder when 362 is divided by 222?
140
Calculate the remainder when 3009 is divided by 112.
97
What is the remainder when 6075 is divided by 3031?
13
Calculate the remainder when 4189 is divided by 292.
101
What is the remainder when 246836 is divided by 726?
722
What is the remainder when 856613 is divided by 127?
125
What is the remainder when 60432 is divided by 11?
9
What is the remainder when 70422 is divided by 45?
42
Calculate the remainder when 684239 is divided by 16.
15
Calculate the remainder when 3500470 is divided by 1858.
1856
What is the remainder when 32048 is divided by 2464?
16
What is the remainder when 3792 is divided by 290?
22
What is the remainder when 4580 is divided by 962?
732
What is the remainder when 141523 is divided by 11?
8
Calculate the remainder when 131203 is divided by 66.
61
Calculate the remainder when 700872 is divided by 1335.
1332
What is the remainder when 126078 is divided by 32?
30
What is the remainder when 1837644 is divided by 341?
336
Calculate the remainder when 203170 is divided by 189.
184
Calculate the remainder when 10943 is divided by 92.
87
Calculate the remainder when 2977 is divided by 2524.
453
What is the remainder when 57932 is divided by 14442?
164
What is the remainder when 36773 is divided by 78?
35
What is the remainder when 27167 is divided by 32?
31
Calculate the remainder when 45414 is divided by 117.
18
Calculate the remainder when 6154 is divided by 62.
16
Calculate the remainder when 31494 is divided by 252.
246
Calculate the remainder when 6561614 is divided by 8.
6
What is the remainder when 1174452 is divided by 538?
536
What is the remainder when 1194 is divided by 277?
86
Calculate the remainder when 22940 is divided by 790.
30
What is the remainder when 69998 is divided by 1045?
1028
What is the remainder when 42562 is divided by 168?
58
What is the remainder when 100991 is divided by 74?
55
Calculate the remainder when 383 is divided by 196.
187
What is the remainder when 1774 is divided by 363?
322
What is the remainder when 1949 is divided by 155?
89
What is the remainder when 11792 is divided by 138?
62
Calculate the remainder when 29591 is divided by 82.
71
What is the remainder when 615563 is divided by 947?
13
What is the remainder when 53627 is divided by 31?